{"id":145,"date":"2023-04-11T14:31:36","date_gmt":"2023-04-11T14:31:36","guid":{"rendered":"https:\/\/icse.com.ar\/?page_id=145"},"modified":"2023-04-11T14:31:36","modified_gmt":"2023-04-11T14:31:36","slug":"mediciones","status":"publish","type":"page","link":"https:\/\/icse.com.ar\/index.php\/mediciones\/","title":{"rendered":"Mediciones"},"content":{"rendered":"\n<p>&#8211;&nbsp;&nbsp;Medici\u00f3n de puesta a tierra seg\u00fan RES 900\/15 SRT.<\/p>\n\n\n\n<ul class=\"wp-block-list\">\n<li>Verificaci\u00f3n de instalaci\u00f3n el\u00e9ctrica&nbsp;&nbsp;seg\u00fan RES 900\/15 SRT.<\/li>\n\n\n\n<li>Termografias.<\/li>\n\n\n\n<li>An\u00e1lisis de calidad de energ\u00eda : fluctuaciones, arm\u00f3nicos, potencia y energ\u00eda,calculadora de p\u00e9rdida de energ\u00eda, eficiencia de inversores de potencia, desequilibrio, corriente inrush, transitoria y parpadeo.&nbsp;<\/li>\n<\/ul>\n","protected":false},"excerpt":{"rendered":"<p>&#8211;&nbsp;&nbsp;Medici\u00f3n de puesta a tierra seg\u00fan RES 900\/15 SRT.<\/p>\n","protected":false},"author":1,"featured_media":122,"parent":0,"menu_order":0,"comment_status":"closed","ping_status":"closed","template":"","meta":{"_joinchat":[],"footnotes":""},"class_list":["post-145","page","type-page","status-publish","has-post-thumbnail"],"_links":{"self":[{"href":"https:\/\/icse.com.ar\/index.php\/wp-json\/wp\/v2\/pages\/145","targetHints":{"allow":["GET"]}}],"collection":[{"href":"https:\/\/icse.com.ar\/index.php\/wp-json\/wp\/v2\/pages"}],"about":[{"href":"https:\/\/icse.com.ar\/index.php\/wp-json\/wp\/v2\/types\/page"}],"author":[{"embeddable":true,"href":"https:\/\/icse.com.ar\/index.php\/wp-json\/wp\/v2\/users\/1"}],"replies":[{"embeddable":true,"href":"https:\/\/icse.com.ar\/index.php\/wp-json\/wp\/v2\/comments?post=145"}],"version-history":[{"count":1,"href":"https:\/\/icse.com.ar\/index.php\/wp-json\/wp\/v2\/pages\/145\/revisions"}],"predecessor-version":[{"id":146,"href":"https:\/\/icse.com.ar\/index.php\/wp-json\/wp\/v2\/pages\/145\/revisions\/146"}],"wp:featuredmedia":[{"embeddable":true,"href":"https:\/\/icse.com.ar\/index.php\/wp-json\/wp\/v2\/media\/122"}],"wp:attachment":[{"href":"https:\/\/icse.com.ar\/index.php\/wp-json\/wp\/v2\/media?parent=145"}],"curies":[{"name":"wp","href":"https:\/\/api.w.org\/{rel}","templated":true}]}}